{"id":370,"date":"2016-11-14T15:48:30","date_gmt":"2016-11-14T14:48:30","guid":{"rendered":"http:\/\/tflinc.ca\/?page_id=370"},"modified":"2024-08-07T01:25:06","modified_gmt":"2024-08-06T23:25:06","slug":"realisations","status":"publish","type":"page","link":"https:\/\/tflinc.ca\/index.php\/realisations\/","title":{"rendered":"R\u00e9alisations"},"content":{"rendered":"<div data-section=\"testimonials\/1.html\" id=\"c7Ssz\">\n<div class=\"container\">\n<div>\n<div class=\"row scrollr\">\n<div class=\"col-xs-12\">\n<div data-pagination=\"true\" data-navigation=\"true\" data-single-item=\"true\" data-auto-play=\"true\" data-transition-style=\"fade\" data-main-text-animation=\"true\" data-after-init-delay=\"3000\" data-after-move-delay=\"1000\" data-stop-on-hover=\"true\" class=\"owl-carousel owl-theme enable-owl-carousel\">\n<div class=\"anne-marie-mobile\" style=\"width:100%;padding:17rem 8rem;margin-right:30px;min-height:740px;background-image:url(https:\/\/tflinc.ca\/wp-content\/uploads\/2021\/02\/anne-marie-dion-testi.jpg);background-size:100% 100%;\">\n<div class=\"reviews reviews_mod-a\">\n<blockquote class=\"reviews__blockquote blockquote\">\n<p>Nous avons fait affaire avec TFL et nous avons eu droit \u00e0 des conseils, du professionnalisme et du service apr\u00e8s-vente incroyable ! Merci d&#8217;avoir su r\u00e9aliser notre vision, nous adorons le r\u00e9sultat !\n                                   <\/p>\n<footer class=\"reviews__footer blockquote__footer\">\n                                       <cite title=\"Tra\u00eetement des fen\u00eatres\"><span class=\"reviews__author ui-title-inner blockquote__autor\">Anne-Marie et Bernard<\/span><\/cite><br \/>\n                                   <\/footer>\n<\/blockquote><\/div>\n<\/p><\/div>\n<div style=\"width:100%;padding:17rem 8rem;margin-right:30px;min-height:740px;background-position:center center;background-image:url(https:\/\/tflinc.ca\/wp-content\/uploads\/2019\/05\/realisation-mai-2019.jpg);background-size:100% auto;\">\n<div class=\"reviews reviews_mod-a\">\n                           <\/div>\n<\/p><\/div>\n<div class=\"realisation-mobile\" style=\"width:100%;padding:17rem 8rem;margin-right:30px;min-height:740px;background-position:center center;background-image:url(https:\/\/tflinc.ca\/wp-content\/uploads\/2019\/02\/realisation.jpg);background-size:auto 100%;\">\n<div class=\"reviews reviews_mod-a\">\n                           <\/div>\n<\/p><\/div>\n<div class=\"lynn-jean-mobile\" style=\"width:100%;padding:17rem 8rem;margin-right:30px;min-height:740px;background-position:center center;background-image:url(https:\/\/tflinc.ca\/wp-content\/uploads\/2019\/02\/lynn-jean-mondoux-testi.jpg);background-size:auto 100%;\">\n<div class=\"reviews reviews_mod-a\">\n<blockquote class=\"reviews__blockquote blockquote\">\n<p>Nous tenions \u00e0 souligner le grand professionnalisme de toute l&#8217;\u00e9quipe de TFL. L\u2019\u00e9coute, les bons conseils, l\u2019agenda des travaux qui a \u00e9t\u00e9 bien respect\u00e9 et le souci de toujours laisser les lieux dans un \u00e9tat propre<br \/>\n                                       <a href=\"https:\/\/tflinc.ca\/wp-content\/uploads\/2019\/02\/lynn-jean-mondoux.pdf\" target=\"_blank\" rel=\"noopener noreferrer\">Lire la suite<\/a>\n                                   <\/p>\n<footer class=\"reviews__footer blockquote__footer\">\n                                       <cite title=\"Tra\u00eetement des fen\u00eatres\"><span class=\"reviews__author ui-title-inner blockquote__autor\">Lynn &#038; Jean Mondoux<\/span><\/cite><br \/>\n                                   <\/footer>\n<\/blockquote><\/div>\n<\/p><\/div>\n<div style=\"width:100%;padding:17rem 8rem;margin-right:30px;min-height:740px;background-image:url(http:\/\/tflinc.ca\/wp-content\/uploads\/2017\/10\/guy-richer-testi.jpg);background-size:auto 100%;\">\n<div class=\"reviews reviews_mod-a\">\n<blockquote class=\"reviews__blockquote blockquote\">\n<p>L&#8217;\u00e9quipe de Traitement Fen\u00eatres Laval: super professionnel, sympathique. Ce que j&#8217;ai aim\u00e9 avec TFL c&#8217;est qu&#8217;ils &#8220;traitent&#8221; tes fen\u00eatres qui sont encore bonnes, font pas juste t&#8217;en vendre des neuves. Merci les gars.<br \/>\n                                       <a href=\"http:\/\/tflinc.ca\/wp-content\/uploads\/2017\/10\/guy-richer.pdf\" target=\"_blank\" rel=\"noopener noreferrer\">Lire la suite<\/a>\n                                   <\/p>\n<footer class=\"reviews__footer blockquote__footer\">\n                                       <cite title=\"Tra\u00eetement des fen\u00eatres\"><span class=\"reviews__author ui-title-inner blockquote__autor\">Guy Richer<\/span><span class=\"reviews__category blockquote__category\">Lac Brome en Estrie, 2017<\/span><\/cite><br \/>\n                                   <\/footer>\n<\/blockquote><\/div>\n<\/p><\/div>\n<div style=\"width:100%;padding:17rem 8rem;margin-right:30px;min-height:740px;background-image:url(http:\/\/tflinc.ca\/wp-content\/uploads\/2016\/11\/fenestration01-testi.jpg);background-size:auto 100%;\">\n<div class=\"reviews reviews_mod-a\">\n<blockquote class=\"reviews__blockquote blockquote\">\n<p>Nous avons fait recouvrir d&#8217;aluminium de couleur c\u00e8dre tous les cadres de fen\u00eatres en bois qui \u00e9taient s\u00e9rieusement en p\u00e9rils. Par la m\u00eame occasion nous avons changer les 37 vitres thermos, par des vitres LowE Argon pour un meilleur rendement \u00e9nergitique. Pr\u00e9cisons que les deux v\u00e9randas et les verri\u00e8res \u00e9taient en excellentes \u00e9tat.<br \/>\n                                       <a href=\"http:\/\/tflinc.ca\/wp-content\/uploads\/2017\/02\/nicole-normand.pdf\" target=\"_blank\" rel=\"noopener noreferrer\">Lire la suite<\/a>\n                                   <\/p>\n<footer class=\"reviews__footer blockquote__footer\">\n                                       <cite title=\"Recouvrement de la fenestration\"><span class=\"reviews__author ui-title-inner blockquote__autor\">Nicole &#038; Normand<\/span><span class=\"reviews__category blockquote__category\">Saint Donat le 9 novembre 2016<\/span><\/cite><br \/>\n                                   <\/footer>\n<\/blockquote><\/div>\n<\/p><\/div>\n<div style=\"width:100%;padding:17rem 8rem;margin-right:30px;min-height:740px;background-image:url(http:\/\/tflinc.ca\/wp-content\/uploads\/2016\/11\/testi-france-blackburn.jpg);background-size:auto 100%;\">\n<div class=\"reviews reviews_mod-a\">\n<blockquote class=\"reviews__blockquote blockquote\">\n<p>\u00c0 l\u2019automne 2016, nous avons fait effectuer des travaux de r\u00e9novations \u00e0 nos fen\u00eatres d\u2019origine en bois afin de les recouvrir d\u2019aluminium. Lors de la premi\u00e8re rencontre avec les repr\u00e9sentants de la cie Traitement de fen\u00eatres Laval, ils ont vite remarqu\u00e9 que certains cadres de fen\u00eatres \u00e9taient en mauvais \u00e9tats.<br \/>\n                                       <a href=\"http:\/\/tflinc.ca\/wp-content\/uploads\/2017\/02\/france-blackburn.pdf\" target=\"_blank\" rel=\"noopener noreferrer\">Lire la suite<\/a>\n                                   <\/p>\n<footer class=\"reviews__footer blockquote__footer\">\n                                       <cite title=\"Recouvrement de la fenestration\"><span class=\"reviews__author ui-title-inner blockquote__autor\">France Blackburn<\/span><\/cite><br \/>\n                                   <\/footer>\n<\/blockquote><\/div>\n<\/p><\/div>\n<div style=\"width:100%;padding:17rem 8rem;margin-right:30px;min-height:740px;background-image:url(http:\/\/tflinc.ca\/wp-content\/uploads\/2016\/11\/test-claude-mailhot.jpg);background-size:auto 100%;\">\n<div class=\"reviews reviews_mod-a\">\n<blockquote class=\"reviews__blockquote blockquote\">\n<p>Merci \u00e0 Fen\u00eatres Laval et \u00e0 son bon service. Des employ\u00e9s professionnels et courtois ont redonn\u00e9 un air de jeunesse \u00e0 notre maison.\n                                   <\/p>\n<footer class=\"reviews__footer blockquote__footer\">\n                                       <cite title=\"Recouvrement de la fenestration\"><span class=\"reviews__author ui-title-inner blockquote__autor\">Claude Mailhot<\/span><\/cite><br \/>\n                                   <\/footer>\n<\/blockquote><\/div>\n<\/p><\/div>\n<div style=\"width:100%;padding:17rem 8rem;margin-right:30px;min-height:740px;background-image:url(http:\/\/tflinc.ca\/wp-content\/uploads\/2016\/11\/testi-frederick-michaud.jpg);background-size:auto 100%;\">\n<div class=\"reviews reviews_mod-a\">\n<blockquote class=\"reviews__blockquote blockquote\">\n<p>Dans le cadre de notre planification de travaux visant l&#8217;am\u00e9lioration de l&#8217;efficacit\u00e9 \u00e9nerg\u00e9tique de notre maison, nous avons fait ex\u00e9cuter certains tests pour \u00e9valuer nos besoins. Ainsi, les tests d&#8217;infiltrom\u00e9trie ont r\u00e9v\u00e9l\u00e9s plusieurs fuites d&#8217;air provenant de nos fen\u00eatres.<br \/>\n                                       <a href=\"http:\/\/tflinc.ca\/wp-content\/uploads\/2017\/02\/frederick-michaud.pdf\" target=\"_blank\" rel=\"noopener noreferrer\">Lire la suite<\/a>\n                                   <\/p>\n<footer class=\"reviews__footer blockquote__footer\">\n                                       <cite title=\"Recouvrement de la fenestration\"><span class=\"reviews__author ui-title-inner blockquote__autor\">Fr\u00e9d\u00e9rick Michaud<\/span><\/cite><br \/>\n                                   <\/footer>\n<\/blockquote><\/div>\n<\/p><\/div>\n<div style=\"width:100%;padding:17rem 8rem;margin-right:30px;min-height:740px;background-image:url(http:\/\/tflinc.ca\/wp-content\/uploads\/2016\/11\/testi-maude-nicolas.jpg);background-size:auto 100%;\">\n<div class=\"reviews reviews_mod-a\">\n<blockquote class=\"reviews__blockquote blockquote\">\n<p>Nous avons eu \u00e0 faire avec des gens passionn\u00e9s, professionnels et d\u2019une grande fiabilit\u00e9 et flexibilit\u00e9. Les services ont \u00e9t\u00e9 rendus avec une expertise et une efficacit\u00e9 exemplaires.<br \/>\n                                       <a href=\"http:\/\/tflinc.ca\/wp-content\/uploads\/2017\/02\/maude-nicolas.pdf\" target=\"_blank\" rel=\"noopener noreferrer\">Lire la suite<\/a>\n                                   <\/p>\n<footer class=\"reviews__footer blockquote__footer\">\n                                       <cite title=\"Recouvrement de la fenestration\"><span class=\"reviews__author ui-title-inner blockquote__autor\">Maude &#038; Nicolas<\/span><\/cite><br \/>\n                                   <\/footer>\n<\/blockquote><\/div>\n<\/p><\/div>\n<div style=\"width:100%;padding:17rem 8rem;margin-right:30px;min-height:740px;background-image:url(http:\/\/tflinc.ca\/wp-content\/uploads\/2016\/11\/testi-condominium-viauville.jpg);background-size:auto 100%;\">\n<div class=\"reviews reviews_mod-a\">\n<blockquote class=\"reviews__blockquote blockquote\">\n<p>C\u2019est en toute confiance que nous recommandons les sp\u00e9cialistes de Traitement Fen\u00eatres Laval Inc. \u00e0 tous les copropri\u00e9taires d\u2019immeubles en manque d\u2019amour !<br \/>\n                                       <a href=\"http:\/\/tflinc.ca\/wp-content\/uploads\/2017\/02\/condominium-le-viauville.pdf\" target=\"_blank\" rel=\"noopener noreferrer\">Lire la suite<\/a>\n                                   <\/p>\n<footer class=\"reviews__footer blockquote__footer\">\n                                       <cite title=\"Recouvrement de la fenestration\"><span class=\"reviews__author ui-title-inner blockquote__autor\">Administration<\/span><span class=\"reviews__category blockquote__category\">Condominium le Viauville<\/span><\/cite><br \/>\n                                   <\/footer>\n<\/blockquote><\/div>\n<\/p><\/div>\n<\/p><\/div>\n<\/p><\/div>\n<\/p><\/div>\n<\/p><\/div>\n<\/p><\/div>\n<\/div>\n<div data-section=\"form\/3.html\">\n<div class=\"container\">\n<div class=\"bg_mod-d\">\n<div class=\"row\">\n<div class=\"col-md-6\">\n<section id=\"b8V8w\" class=\"section-default block-padd-14\">\n<h2 class=\"ui-title-block_w-border\">Contactez-nous pour une estimation gratuite<\/h2>\n<\/p>\n<p>                       \n<div class=\"wpcf7 no-js\" id=\"wpcf7-f463-o1\" lang=\"fr-FR\" dir=\"ltr\" data-wpcf7-id=\"463\">\n<div class=\"screen-reader-response\"><p role=\"status\" aria-live=\"polite\" aria-atomic=\"true\"><\/p> <ul><\/ul><\/div>\n<form action=\"\/index.php\/wp-json\/wp\/v2\/pages\/370#wpcf7-f463-o1\" method=\"post\" class=\"wpcf7-form init\" aria-label=\"Formulaire de contact\" novalidate=\"novalidate\" data-status=\"init\">\n<fieldset class=\"hidden-fields-container\"><input type=\"hidden\" name=\"_wpcf7\" value=\"463\" \/><input type=\"hidden\" name=\"_wpcf7_version\" value=\"6.1.5\" \/><input type=\"hidden\" name=\"_wpcf7_locale\" value=\"fr_FR\" \/><input type=\"hidden\" name=\"_wpcf7_unit_tag\" value=\"wpcf7-f463-o1\" \/><input type=\"hidden\" name=\"_wpcf7_container_post\" value=\"0\" \/><input type=\"hidden\" name=\"_wpcf7_posted_data_hash\" value=\"\" \/><input type=\"hidden\" name=\"_wpcf7dtx_version\" value=\"5.0.5\" \/><input type=\"hidden\" name=\"_wpcf7_recaptcha_response\" value=\"\" \/>\n<\/fieldset>\n<div class=\"input-with-icon\">\n\t<p><i class=\"wp-svg-users-2 users-2\"><\/i><span class=\"wpcf7-form-control-wrap\" data-name=\"nom\"><input size=\"40\" maxlength=\"400\" class=\"wpcf7-form-control wpcf7-text wpcf7-validates-as-required form-accueil-2\" aria-required=\"true\" aria-invalid=\"false\" placeholder=\"Nom *\" value=\"\" type=\"text\" name=\"nom\" \/><\/span>\n\t<\/p>\n<\/div>\n<div class=\"input-with-icon\">\n\t<p><i class=\"wp-svg-mail-2 mail-2\"><\/i><span class=\"wpcf7-form-control-wrap\" data-name=\"courriel\"><input size=\"40\" maxlength=\"400\" class=\"wpcf7-form-control wpcf7-email wpcf7-validates-as-required wpcf7-text wpcf7-validates-as-email form-accueil-2\" aria-required=\"true\" aria-invalid=\"false\" placeholder=\"Courriel *\" value=\"\" type=\"email\" name=\"courriel\" \/><\/span>\n\t<\/p>\n<\/div>\n<div class=\"input-with-icon\">\n\t<p><i class=\"wp-svg-phone phone\"><\/i><span class=\"wpcf7-form-control-wrap\" data-name=\"tel\"><input size=\"40\" maxlength=\"400\" class=\"wpcf7-form-control wpcf7-tel wpcf7-text wpcf7-validates-as-tel form-accueil-2\" aria-invalid=\"false\" placeholder=\"T\u00e9l\u00e9phone\" value=\"\" type=\"tel\" name=\"tel\" \/><\/span>\n\t<\/p>\n<\/div>\n<p>\n\t<center><input class=\"wpcf7-form-control wpcf7-submit has-spinner btn btn-primary btn-effect form-div-btn\" type=\"submit\" value=\"ENVOYER\" \/>\n\t<\/center>\n<\/p><div class=\"wpcf7-response-output\" aria-hidden=\"true\"><\/div>\n<\/form>\n<\/div>\n<br \/>\n                   <\/section>\n<\/p><\/div>\n<div class=\"col-md-6\">\n<div class=\"wrap-text\">\n                       <img decoding=\"async\" src=\"https:\/\/tflinc.ca\/wp-content\/themes\/prometheus\/prometheus\/azh\/prometheus\/assets\/media\/content\/840x840\/3.jpg\" alt=\"foto\" class=\"img-full\">\n                   <\/div>\n<\/p><\/div>\n<\/p><\/div>\n<\/p><\/div>\n<\/p><\/div>\n<\/div>\n","protected":false},"excerpt":{"rendered":"<p>Nous avons fait affaire avec TFL et nous avons eu droit \u00e0 des conseils, du professionnalisme et du service apr\u00e8s-vente incroyable ! Merci d&#8217;avoir su r\u00e9aliser notre vision, nous adorons le r\u00e9sultat ! Anne-Marie et Bernard Nous tenions \u00e0 souligner le grand professionnalisme de toute l&#8217;\u00e9quipe de TFL. L\u2019\u00e9coute, les bons conseils, l\u2019agenda des travaux [&hellip;]<\/p>\n","protected":false},"author":1,"featured_media":0,"parent":0,"menu_order":0,"comment_status":"closed","ping_status":"closed","template":"page-templates\/without-container.php","meta":{"_custom_body_class":"azh","_custom_post_class":"","footnotes":""},"class_list":["post-370","page","type-page","status-publish","hentry"],"yoast_head":"<!-- This site is optimized with the Yoast SEO plugin v27.3 - https:\/\/yoast.com\/product\/yoast-seo-wordpress\/ -->\n<title>R\u00e9alisations - Traitement Fen\u00eatres Laval<\/title>\n<meta name=\"robots\" content=\"index, follow, max-snippet:-1, max-image-preview:large, max-video-preview:-1\" \/>\n<link rel=\"canonical\" href=\"https:\/\/tflinc.ca\/index.php\/realisations\/\" \/>\n<meta property=\"og:locale\" content=\"fr_FR\" \/>\n<meta property=\"og:type\" content=\"article\" \/>\n<meta property=\"og:title\" content=\"R\u00e9alisations - Traitement Fen\u00eatres Laval\" \/>\n<meta property=\"og:description\" content=\"Nous avons fait affaire avec TFL et nous avons eu droit \u00e0 des conseils, du professionnalisme et du service apr\u00e8s-vente incroyable ! Merci d&#8217;avoir su r\u00e9aliser notre vision, nous adorons le r\u00e9sultat ! Anne-Marie et Bernard Nous tenions \u00e0 souligner le grand professionnalisme de toute l&#8217;\u00e9quipe de TFL. L\u2019\u00e9coute, les bons conseils, l\u2019agenda des travaux [&hellip;]\" \/>\n<meta property=\"og:url\" content=\"https:\/\/tflinc.ca\/index.php\/realisations\/\" \/>\n<meta property=\"og:site_name\" content=\"Traitement Fen\u00eatres Laval\" \/>\n<meta property=\"article:modified_time\" content=\"2024-08-06T23:25:06+00:00\" \/>\n<meta name=\"twitter:card\" content=\"summary_large_image\" \/>\n<meta name=\"twitter:label1\" content=\"Dur\u00e9e de lecture estim\u00e9e\" \/>\n\t<meta name=\"twitter:data1\" content=\"1 minute\" \/>\n<script type=\"application\/ld+json\" class=\"yoast-schema-graph\">{\"@context\":\"https:\\\/\\\/schema.org\",\"@graph\":[{\"@type\":\"WebPage\",\"@id\":\"https:\\\/\\\/tflinc.ca\\\/index.php\\\/realisations\\\/\",\"url\":\"https:\\\/\\\/tflinc.ca\\\/index.php\\\/realisations\\\/\",\"name\":\"R\u00e9alisations - Traitement Fen\u00eatres Laval\",\"isPartOf\":{\"@id\":\"https:\\\/\\\/tflinc.ca\\\/#website\"},\"datePublished\":\"2016-11-14T14:48:30+00:00\",\"dateModified\":\"2024-08-06T23:25:06+00:00\",\"breadcrumb\":{\"@id\":\"https:\\\/\\\/tflinc.ca\\\/index.php\\\/realisations\\\/#breadcrumb\"},\"inLanguage\":\"fr-FR\",\"potentialAction\":[{\"@type\":\"ReadAction\",\"target\":[\"https:\\\/\\\/tflinc.ca\\\/index.php\\\/realisations\\\/\"]}]},{\"@type\":\"BreadcrumbList\",\"@id\":\"https:\\\/\\\/tflinc.ca\\\/index.php\\\/realisations\\\/#breadcrumb\",\"itemListElement\":[{\"@type\":\"ListItem\",\"position\":1,\"name\":\"Accueil\",\"item\":\"https:\\\/\\\/tflinc.ca\\\/\"},{\"@type\":\"ListItem\",\"position\":2,\"name\":\"R\u00e9alisations\"}]},{\"@type\":\"WebSite\",\"@id\":\"https:\\\/\\\/tflinc.ca\\\/#website\",\"url\":\"https:\\\/\\\/tflinc.ca\\\/\",\"name\":\"Traitement Fen\u00eatres Laval\",\"description\":\"\",\"potentialAction\":[{\"@type\":\"SearchAction\",\"target\":{\"@type\":\"EntryPoint\",\"urlTemplate\":\"https:\\\/\\\/tflinc.ca\\\/?s={search_term_string}\"},\"query-input\":{\"@type\":\"PropertyValueSpecification\",\"valueRequired\":true,\"valueName\":\"search_term_string\"}}],\"inLanguage\":\"fr-FR\"}]}<\/script>\n<!-- \/ Yoast SEO plugin. -->","yoast_head_json":{"title":"R\u00e9alisations - Traitement Fen\u00eatres Laval","robots":{"index":"index","follow":"follow","max-snippet":"max-snippet:-1","max-image-preview":"max-image-preview:large","max-video-preview":"max-video-preview:-1"},"canonical":"https:\/\/tflinc.ca\/index.php\/realisations\/","og_locale":"fr_FR","og_type":"article","og_title":"R\u00e9alisations - Traitement Fen\u00eatres Laval","og_description":"Nous avons fait affaire avec TFL et nous avons eu droit \u00e0 des conseils, du professionnalisme et du service apr\u00e8s-vente incroyable ! Merci d&#8217;avoir su r\u00e9aliser notre vision, nous adorons le r\u00e9sultat ! Anne-Marie et Bernard Nous tenions \u00e0 souligner le grand professionnalisme de toute l&#8217;\u00e9quipe de TFL. L\u2019\u00e9coute, les bons conseils, l\u2019agenda des travaux [&hellip;]","og_url":"https:\/\/tflinc.ca\/index.php\/realisations\/","og_site_name":"Traitement Fen\u00eatres Laval","article_modified_time":"2024-08-06T23:25:06+00:00","twitter_card":"summary_large_image","twitter_misc":{"Dur\u00e9e de lecture estim\u00e9e":"1 minute"},"schema":{"@context":"https:\/\/schema.org","@graph":[{"@type":"WebPage","@id":"https:\/\/tflinc.ca\/index.php\/realisations\/","url":"https:\/\/tflinc.ca\/index.php\/realisations\/","name":"R\u00e9alisations - Traitement Fen\u00eatres Laval","isPartOf":{"@id":"https:\/\/tflinc.ca\/#website"},"datePublished":"2016-11-14T14:48:30+00:00","dateModified":"2024-08-06T23:25:06+00:00","breadcrumb":{"@id":"https:\/\/tflinc.ca\/index.php\/realisations\/#breadcrumb"},"inLanguage":"fr-FR","potentialAction":[{"@type":"ReadAction","target":["https:\/\/tflinc.ca\/index.php\/realisations\/"]}]},{"@type":"BreadcrumbList","@id":"https:\/\/tflinc.ca\/index.php\/realisations\/#breadcrumb","itemListElement":[{"@type":"ListItem","position":1,"name":"Accueil","item":"https:\/\/tflinc.ca\/"},{"@type":"ListItem","position":2,"name":"R\u00e9alisations"}]},{"@type":"WebSite","@id":"https:\/\/tflinc.ca\/#website","url":"https:\/\/tflinc.ca\/","name":"Traitement Fen\u00eatres Laval","description":"","potentialAction":[{"@type":"SearchAction","target":{"@type":"EntryPoint","urlTemplate":"https:\/\/tflinc.ca\/?s={search_term_string}"},"query-input":{"@type":"PropertyValueSpecification","valueRequired":true,"valueName":"search_term_string"}}],"inLanguage":"fr-FR"}]}},"_links":{"self":[{"href":"https:\/\/tflinc.ca\/index.php\/wp-json\/wp\/v2\/pages\/370","targetHints":{"allow":["GET"]}}],"collection":[{"href":"https:\/\/tflinc.ca\/index.php\/wp-json\/wp\/v2\/pages"}],"about":[{"href":"https:\/\/tflinc.ca\/index.php\/wp-json\/wp\/v2\/types\/page"}],"author":[{"embeddable":true,"href":"https:\/\/tflinc.ca\/index.php\/wp-json\/wp\/v2\/users\/1"}],"replies":[{"embeddable":true,"href":"https:\/\/tflinc.ca\/index.php\/wp-json\/wp\/v2\/comments?post=370"}],"version-history":[{"count":33,"href":"https:\/\/tflinc.ca\/index.php\/wp-json\/wp\/v2\/pages\/370\/revisions"}],"predecessor-version":[{"id":3754,"href":"https:\/\/tflinc.ca\/index.php\/wp-json\/wp\/v2\/pages\/370\/revisions\/3754"}],"wp:attachment":[{"href":"https:\/\/tflinc.ca\/index.php\/wp-json\/wp\/v2\/media?parent=370"}],"curies":[{"name":"wp","href":"https:\/\/api.w.org\/{rel}","templated":true}]}}