{"id":333,"date":"2016-11-11T16:07:06","date_gmt":"2016-11-11T15:07:06","guid":{"rendered":"http:\/\/tflinc.ca\/?page_id=333"},"modified":"2017-02-27T12:54:48","modified_gmt":"2017-02-27T11:54:48","slug":"revetement-de-vinyle","status":"publish","type":"page","link":"https:\/\/tflinc.ca\/index.php\/revetement-de-vinyle\/","title":{"rendered":"Rev\u00eatement de Vinyle"},"content":{"rendered":"<div data-section=\"text\/2.html\">\n<section class=\"section-area\">\n<div class=\"container\">\n<div class=\"row scrollr\">\n<div class=\"col-xs-12\">\n<h2 class=\"title-btn ui-title-block\">\n                       <a href=\"#KMa20\" class=\"title-btn__inner js-scroll\">Rev\u00eatement de vinyle<\/a><br \/>\n                       <button type=\"button\" data-toggle=\"collapse\" data-target=\"#KMa20\" class=\"title-btn__btn\"><br \/>\n                           <span class=\"icon fa fa-caret-down\"><\/span><br \/>\n                       <\/button><br \/>\n                   <\/h2>\n<div id=\"KMa20\" class=\"container collapse in\">\n<div class=\"table-row\">\n<div class=\"col-md-6 bg-light table-cell\">\n<div class=\"col-md-8 col-md-offset-2\">\n<section class=\"section-default\">\n<h3 class=\"ui-title-block color-dark\">Rev\u00eatement de vinyle<\/h3>\n<div class=\"color-grey\">\n<p>Le rev\u00eatement de vinyle est le premier choix de parement ext\u00e9rieur au Canada et aux \u00c9tats-Unis. Reproduisant la beaut\u00e9 particuli\u00e8re d&#8217;un fini en bois fra\u00eechement peint, le rev\u00eatement de vinyle que Traitement de Fen\u00eatre Laval installe est appr\u00e9ci\u00e9 pour son aspect classique, sa r\u00e9sistance exceptionnelle, son entretien facile et pour nos excellents rapports qualit\u00e9-prix. Nos produits de recouvrements haut de gamme sont plus \u00e9cologiques que beaucoup d&#8217;autres rev\u00eatements, ce qui en fait un excellent choix de nos jours, ainsi que pour les g\u00e9n\u00e9rations \u00e0 venir.<\/p>\n<\/p><\/div>\n<\/section><\/div>\n<\/p><\/div>\n<div class=\"col-md-6 bg_mod-c table-cell\">\n<div class=\"col-md-8 col-md-offset-2\">\n<section class=\"section-default\">\n<h3 class=\"ui-title-block color-dark\">Le Qu\u00e9bec choisit le vinyle!<\/h3>\n<div class=\"color-grey\">\n<p>Le rev\u00eatement de vinyle que nous vous proposons est le premier choix des r\u00e9novateurs, constructeurs et propri\u00e9taires r\u00e9sidentiels. Utilis\u00e9 seul ou avec d\u2019autres rev\u00eatements ext\u00e9rieurs, le rev\u00eatement de vinyle et autres polym\u00e8res am\u00e9liore vraiment l\u2019apparence de votre maison, et ce, \u00e0 un prix tr\u00e8s abordable. Parmi la liste impressionnante de ses avantages, on retrouve la beaut\u00e9 durable, la r\u00e9sistance, le tr\u00e8s faible niveau d\u2019entretien, la durabilit\u00e9 \u00e9cologique et l\u2019excellent rapport qualit\u00e9-prix.<\/p>\n<\/p><\/div>\n<\/section><\/div>\n<\/p><\/div>\n<\/p><\/div>\n<\/p><\/div>\n<\/p><\/div>\n<\/p><\/div>\n<\/p><\/div>\n<\/section>\n<\/div>\n<div data-section=\"text\/2.html\">\n<section class=\"section-area\">\n<div class=\"container\">\n<div class=\"row scrollr\">\n<div class=\"col-xs-12\">\n<h2 class=\"title-btn ui-title-block\">\n                       <a href=\"#pYGx6\" class=\"title-btn__inner js-scroll\">Couleurs<\/a><br \/>\n                       <button type=\"button\" data-toggle=\"collapse\" data-target=\"#pYGx6\" class=\"title-btn__btn\"><br \/>\n                           <span class=\"icon fa fa-caret-down\"><\/span><br \/>\n                       <\/button><br \/>\n                   <\/h2>\n<div id=\"pYGx6\" class=\"container collapse in\">\n<div>\n<div class=\"col-md-12 bg-light\">\n<div class=\"col-md-8 col-md-offset-2\">\n<section class=\"section-default\">\n<div class=\"color-grey\">\n<p style=\"text-align:center\">\n                                               <img decoding=\"async\" src=\"http:\/\/tflinc.ca\/wp-content\/uploads\/2016\/11\/couleur-vinyle.jpg\" class=\"vinyle-img\" \/>\n                                           <\/p>\n<\/p><\/div>\n<\/section><\/div>\n<\/p><\/div>\n<\/p><\/div>\n<\/p><\/div>\n<\/p><\/div>\n<\/p><\/div>\n<\/p><\/div>\n<\/section>\n<\/div>\n<div data-section=\"text\/1.html\">\n<div class=\"container\">\n<section class=\"section_mod-b block-2-col bg-light\">\n<div class=\"row scrollr\">\n<div class=\"col-xs-12\">\n               <\/div>\n<div class=\"col-md-8 col-md-offset-2 col-sm-10 col-sm-offset-1\">\n<div class=\"block-2-col__inner\">\n                       <iframe style=\"width:100%\" height=\"315\" src=\"https:\/\/www.youtube.com\/embed\/aWG1dgLjM5c?rel=0\" frameborder=\"0\" allowfullscreen><\/iframe><br \/>\n                       <iframe style=\"width:100%\" height=\"315\" src=\"https:\/\/www.youtube.com\/embed\/u4MFuMMWje8?rel=0\" frameborder=\"0\" allowfullscreen><\/iframe>\n                   <\/div>\n<div class=\"block-2-col__inner\">\n<h3 class=\"ui-title-block color-dark\">Autre services offerts avec le rev\u00eatement des fen\u00eatres<\/h3>\n<ul>\n<li>Remplacement de (vitres) thermos bu\u00e9es ou cass\u00e9e par un monteur m\u00e9canicien vitrier<\/li>\n<li>Remplacement de bois pourri et abim\u00e9<\/li>\n<li>Changement des manivelles et m\u00e9canismes d\u00e9fectueux, remplacement de coupe-froids<\/li>\n<li>Rev\u00eatement ext\u00e9rieur ; Aluminium, Canexel, Acier<\/li>\n<\/ul><\/div>\n<\/p><\/div>\n<\/p><\/div>\n<\/section><\/div>\n<\/div>\n<div data-section=\"form\/3.html\">\n<div class=\"container\">\n<div class=\"bg_mod-d\">\n<div class=\"row\">\n<div class=\"col-md-6\">\n<section id=\"ASnl8\" class=\"section-default block-padd-14\">\n<h2 class=\"ui-title-block_w-border\">Estimation gratuite pour votre rev\u00eatement de vinyle<\/h2>\n<\/p>\n<p>                       \n<div class=\"wpcf7 no-js\" id=\"wpcf7-f472-o1\" lang=\"fr-FR\" dir=\"ltr\" data-wpcf7-id=\"472\">\n<div class=\"screen-reader-response\"><p role=\"status\" aria-live=\"polite\" aria-atomic=\"true\"><\/p> <ul><\/ul><\/div>\n<form action=\"\/index.php\/wp-json\/wp\/v2\/pages\/333#wpcf7-f472-o1\" method=\"post\" class=\"wpcf7-form init\" aria-label=\"Formulaire de contact\" novalidate=\"novalidate\" data-status=\"init\">\n<fieldset class=\"hidden-fields-container\"><input type=\"hidden\" name=\"_wpcf7\" value=\"472\" \/><input type=\"hidden\" name=\"_wpcf7_version\" value=\"6.1.5\" \/><input type=\"hidden\" name=\"_wpcf7_locale\" value=\"fr_FR\" \/><input type=\"hidden\" name=\"_wpcf7_unit_tag\" value=\"wpcf7-f472-o1\" \/><input type=\"hidden\" name=\"_wpcf7_container_post\" value=\"0\" \/><input type=\"hidden\" name=\"_wpcf7_posted_data_hash\" value=\"\" \/><input type=\"hidden\" name=\"_wpcf7dtx_version\" value=\"5.0.5\" \/><input type=\"hidden\" name=\"_wpcf7_recaptcha_response\" value=\"\" \/>\n<\/fieldset>\n<div class=\"input-with-icon\">\n\t<p><i class=\"wp-svg-users-2 users-2\"><\/i><span class=\"wpcf7-form-control-wrap\" data-name=\"nom\"><input size=\"40\" maxlength=\"400\" class=\"wpcf7-form-control wpcf7-text wpcf7-validates-as-required form-accueil-2\" aria-required=\"true\" aria-invalid=\"false\" placeholder=\"Nom *\" value=\"\" type=\"text\" name=\"nom\" \/><\/span>\n\t<\/p>\n<\/div>\n<div class=\"input-with-icon\">\n\t<p><i class=\"wp-svg-mail-2 mail-2\"><\/i><span class=\"wpcf7-form-control-wrap\" data-name=\"courriel\"><input size=\"40\" maxlength=\"400\" class=\"wpcf7-form-control wpcf7-email wpcf7-validates-as-required wpcf7-text wpcf7-validates-as-email form-accueil-2\" aria-required=\"true\" aria-invalid=\"false\" placeholder=\"Courriel *\" value=\"\" type=\"email\" name=\"courriel\" \/><\/span>\n\t<\/p>\n<\/div>\n<div class=\"input-with-icon\">\n\t<p><i class=\"wp-svg-phone phone\"><\/i><span class=\"wpcf7-form-control-wrap\" data-name=\"tel\"><input size=\"40\" maxlength=\"400\" class=\"wpcf7-form-control wpcf7-tel wpcf7-text wpcf7-validates-as-tel form-accueil-2\" aria-invalid=\"false\" placeholder=\"T\u00e9l\u00e9phone\" value=\"\" type=\"tel\" name=\"tel\" \/><\/span>\n\t<\/p>\n<\/div>\n<p>\n\t<center><input class=\"wpcf7-form-control wpcf7-submit has-spinner btn btn-primary btn-effect form-div-btn\" type=\"submit\" value=\"ENVOYER\" \/>\n\t<\/center>\n<\/p><div class=\"wpcf7-response-output\" aria-hidden=\"true\"><\/div>\n<\/form>\n<\/div>\n<br \/>\n                   <\/section>\n<\/p><\/div>\n<div class=\"col-md-6\">\n<div class=\"wrap-text\">\n                       <img decoding=\"async\" src=\"https:\/\/tflinc.ca\/wp-content\/themes\/prometheus\/prometheus\/azh\/prometheus\/assets\/media\/content\/840x840\/3.jpg\" alt=\"foto\" class=\"img-full\">\n                   <\/div>\n<\/p><\/div>\n<\/p><\/div>\n<\/p><\/div>\n<\/p><\/div>\n<\/div>\n","protected":false},"excerpt":{"rendered":"<p>Rev\u00eatement de vinyle Rev\u00eatement de vinyle Le rev\u00eatement de vinyle est le premier choix de parement ext\u00e9rieur au Canada et aux \u00c9tats-Unis. Reproduisant la beaut\u00e9 particuli\u00e8re d&#8217;un fini en bois fra\u00eechement peint, le rev\u00eatement de vinyle que Traitement de Fen\u00eatre Laval installe est appr\u00e9ci\u00e9 pour son aspect classique, sa r\u00e9sistance exceptionnelle, son entretien facile et [&hellip;]<\/p>\n","protected":false},"author":1,"featured_media":817,"parent":0,"menu_order":0,"comment_status":"closed","ping_status":"closed","template":"page-templates\/without-container.php","meta":{"_custom_body_class":"azh","_custom_post_class":"","footnotes":""},"class_list":["post-333","page","type-page","status-publish","has-post-thumbnail","hentry"],"yoast_head":"<!-- This site is optimized with the Yoast SEO plugin v27.3 - https:\/\/yoast.com\/product\/yoast-seo-wordpress\/ -->\n<title>Rev\u00eatement de Vinyle - Traitement Fen\u00eatres Laval<\/title>\n<meta name=\"description\" content=\"Utilis\u00e9 seul ou avec d\u2019autres rev\u00eatements ext\u00e9rieurs, le rev\u00eatement de vinyle am\u00e9liore vraiment l\u2019apparence de votre maison \u00e0 un prix tr\u00e8s abordable.\" \/>\n<meta name=\"robots\" content=\"index, follow, max-snippet:-1, max-image-preview:large, max-video-preview:-1\" \/>\n<link rel=\"canonical\" href=\"https:\/\/tflinc.ca\/index.php\/revetement-de-vinyle\/\" \/>\n<meta property=\"og:locale\" content=\"fr_FR\" \/>\n<meta property=\"og:type\" content=\"article\" \/>\n<meta property=\"og:title\" content=\"Rev\u00eatement de Vinyle - Traitement Fen\u00eatres Laval\" \/>\n<meta property=\"og:description\" content=\"Utilis\u00e9 seul ou avec d\u2019autres rev\u00eatements ext\u00e9rieurs, le rev\u00eatement de vinyle am\u00e9liore vraiment l\u2019apparence de votre maison \u00e0 un prix tr\u00e8s abordable.\" \/>\n<meta property=\"og:url\" content=\"https:\/\/tflinc.ca\/index.php\/revetement-de-vinyle\/\" \/>\n<meta property=\"og:site_name\" content=\"Traitement Fen\u00eatres Laval\" \/>\n<meta property=\"article:modified_time\" content=\"2017-02-27T11:54:48+00:00\" \/>\n<meta property=\"og:image\" content=\"https:\/\/tflinc.ca\/wp-content\/uploads\/2016\/11\/revetement-slide.jpg\" \/>\n\t<meta property=\"og:image:width\" content=\"1920\" \/>\n\t<meta property=\"og:image:height\" content=\"1280\" \/>\n\t<meta property=\"og:image:type\" content=\"image\/jpeg\" \/>\n<meta name=\"twitter:card\" content=\"summary_large_image\" \/>\n<meta name=\"twitter:label1\" content=\"Dur\u00e9e de lecture estim\u00e9e\" \/>\n\t<meta name=\"twitter:data1\" content=\"1 minute\" \/>\n<script type=\"application\/ld+json\" class=\"yoast-schema-graph\">{\"@context\":\"https:\\\/\\\/schema.org\",\"@graph\":[{\"@type\":\"WebPage\",\"@id\":\"https:\\\/\\\/tflinc.ca\\\/index.php\\\/revetement-de-vinyle\\\/\",\"url\":\"https:\\\/\\\/tflinc.ca\\\/index.php\\\/revetement-de-vinyle\\\/\",\"name\":\"Rev\u00eatement de Vinyle - Traitement Fen\u00eatres Laval\",\"isPartOf\":{\"@id\":\"https:\\\/\\\/tflinc.ca\\\/#website\"},\"primaryImageOfPage\":{\"@id\":\"https:\\\/\\\/tflinc.ca\\\/index.php\\\/revetement-de-vinyle\\\/#primaryimage\"},\"image\":{\"@id\":\"https:\\\/\\\/tflinc.ca\\\/index.php\\\/revetement-de-vinyle\\\/#primaryimage\"},\"thumbnailUrl\":\"https:\\\/\\\/tflinc.ca\\\/wp-content\\\/uploads\\\/2016\\\/11\\\/revetement-slide.jpg\",\"datePublished\":\"2016-11-11T15:07:06+00:00\",\"dateModified\":\"2017-02-27T11:54:48+00:00\",\"description\":\"Utilis\u00e9 seul ou avec d\u2019autres rev\u00eatements ext\u00e9rieurs, le rev\u00eatement de vinyle am\u00e9liore vraiment l\u2019apparence de votre maison \u00e0 un prix tr\u00e8s abordable.\",\"breadcrumb\":{\"@id\":\"https:\\\/\\\/tflinc.ca\\\/index.php\\\/revetement-de-vinyle\\\/#breadcrumb\"},\"inLanguage\":\"fr-FR\",\"potentialAction\":[{\"@type\":\"ReadAction\",\"target\":[\"https:\\\/\\\/tflinc.ca\\\/index.php\\\/revetement-de-vinyle\\\/\"]}]},{\"@type\":\"ImageObject\",\"inLanguage\":\"fr-FR\",\"@id\":\"https:\\\/\\\/tflinc.ca\\\/index.php\\\/revetement-de-vinyle\\\/#primaryimage\",\"url\":\"https:\\\/\\\/tflinc.ca\\\/wp-content\\\/uploads\\\/2016\\\/11\\\/revetement-slide.jpg\",\"contentUrl\":\"https:\\\/\\\/tflinc.ca\\\/wp-content\\\/uploads\\\/2016\\\/11\\\/revetement-slide.jpg\",\"width\":1920,\"height\":1280,\"caption\":\"A row of newly-built houses in a residential subdivision.\"},{\"@type\":\"BreadcrumbList\",\"@id\":\"https:\\\/\\\/tflinc.ca\\\/index.php\\\/revetement-de-vinyle\\\/#breadcrumb\",\"itemListElement\":[{\"@type\":\"ListItem\",\"position\":1,\"name\":\"Accueil\",\"item\":\"https:\\\/\\\/tflinc.ca\\\/\"},{\"@type\":\"ListItem\",\"position\":2,\"name\":\"Rev\u00eatement de Vinyle\"}]},{\"@type\":\"WebSite\",\"@id\":\"https:\\\/\\\/tflinc.ca\\\/#website\",\"url\":\"https:\\\/\\\/tflinc.ca\\\/\",\"name\":\"Traitement Fen\u00eatres Laval\",\"description\":\"\",\"potentialAction\":[{\"@type\":\"SearchAction\",\"target\":{\"@type\":\"EntryPoint\",\"urlTemplate\":\"https:\\\/\\\/tflinc.ca\\\/?s={search_term_string}\"},\"query-input\":{\"@type\":\"PropertyValueSpecification\",\"valueRequired\":true,\"valueName\":\"search_term_string\"}}],\"inLanguage\":\"fr-FR\"}]}<\/script>\n<!-- \/ Yoast SEO plugin. -->","yoast_head_json":{"title":"Rev\u00eatement de Vinyle - Traitement Fen\u00eatres Laval","description":"Utilis\u00e9 seul ou avec d\u2019autres rev\u00eatements ext\u00e9rieurs, le rev\u00eatement de vinyle am\u00e9liore vraiment l\u2019apparence de votre maison \u00e0 un prix tr\u00e8s abordable.","robots":{"index":"index","follow":"follow","max-snippet":"max-snippet:-1","max-image-preview":"max-image-preview:large","max-video-preview":"max-video-preview:-1"},"canonical":"https:\/\/tflinc.ca\/index.php\/revetement-de-vinyle\/","og_locale":"fr_FR","og_type":"article","og_title":"Rev\u00eatement de Vinyle - Traitement Fen\u00eatres Laval","og_description":"Utilis\u00e9 seul ou avec d\u2019autres rev\u00eatements ext\u00e9rieurs, le rev\u00eatement de vinyle am\u00e9liore vraiment l\u2019apparence de votre maison \u00e0 un prix tr\u00e8s abordable.","og_url":"https:\/\/tflinc.ca\/index.php\/revetement-de-vinyle\/","og_site_name":"Traitement Fen\u00eatres Laval","article_modified_time":"2017-02-27T11:54:48+00:00","og_image":[{"width":1920,"height":1280,"url":"https:\/\/tflinc.ca\/wp-content\/uploads\/2016\/11\/revetement-slide.jpg","type":"image\/jpeg"}],"twitter_card":"summary_large_image","twitter_misc":{"Dur\u00e9e de lecture estim\u00e9e":"1 minute"},"schema":{"@context":"https:\/\/schema.org","@graph":[{"@type":"WebPage","@id":"https:\/\/tflinc.ca\/index.php\/revetement-de-vinyle\/","url":"https:\/\/tflinc.ca\/index.php\/revetement-de-vinyle\/","name":"Rev\u00eatement de Vinyle - Traitement Fen\u00eatres Laval","isPartOf":{"@id":"https:\/\/tflinc.ca\/#website"},"primaryImageOfPage":{"@id":"https:\/\/tflinc.ca\/index.php\/revetement-de-vinyle\/#primaryimage"},"image":{"@id":"https:\/\/tflinc.ca\/index.php\/revetement-de-vinyle\/#primaryimage"},"thumbnailUrl":"https:\/\/tflinc.ca\/wp-content\/uploads\/2016\/11\/revetement-slide.jpg","datePublished":"2016-11-11T15:07:06+00:00","dateModified":"2017-02-27T11:54:48+00:00","description":"Utilis\u00e9 seul ou avec d\u2019autres rev\u00eatements ext\u00e9rieurs, le rev\u00eatement de vinyle am\u00e9liore vraiment l\u2019apparence de votre maison \u00e0 un prix tr\u00e8s abordable.","breadcrumb":{"@id":"https:\/\/tflinc.ca\/index.php\/revetement-de-vinyle\/#breadcrumb"},"inLanguage":"fr-FR","potentialAction":[{"@type":"ReadAction","target":["https:\/\/tflinc.ca\/index.php\/revetement-de-vinyle\/"]}]},{"@type":"ImageObject","inLanguage":"fr-FR","@id":"https:\/\/tflinc.ca\/index.php\/revetement-de-vinyle\/#primaryimage","url":"https:\/\/tflinc.ca\/wp-content\/uploads\/2016\/11\/revetement-slide.jpg","contentUrl":"https:\/\/tflinc.ca\/wp-content\/uploads\/2016\/11\/revetement-slide.jpg","width":1920,"height":1280,"caption":"A row of newly-built houses in a residential subdivision."},{"@type":"BreadcrumbList","@id":"https:\/\/tflinc.ca\/index.php\/revetement-de-vinyle\/#breadcrumb","itemListElement":[{"@type":"ListItem","position":1,"name":"Accueil","item":"https:\/\/tflinc.ca\/"},{"@type":"ListItem","position":2,"name":"Rev\u00eatement de Vinyle"}]},{"@type":"WebSite","@id":"https:\/\/tflinc.ca\/#website","url":"https:\/\/tflinc.ca\/","name":"Traitement Fen\u00eatres Laval","description":"","potentialAction":[{"@type":"SearchAction","target":{"@type":"EntryPoint","urlTemplate":"https:\/\/tflinc.ca\/?s={search_term_string}"},"query-input":{"@type":"PropertyValueSpecification","valueRequired":true,"valueName":"search_term_string"}}],"inLanguage":"fr-FR"}]}},"_links":{"self":[{"href":"https:\/\/tflinc.ca\/index.php\/wp-json\/wp\/v2\/pages\/333","targetHints":{"allow":["GET"]}}],"collection":[{"href":"https:\/\/tflinc.ca\/index.php\/wp-json\/wp\/v2\/pages"}],"about":[{"href":"https:\/\/tflinc.ca\/index.php\/wp-json\/wp\/v2\/types\/page"}],"author":[{"embeddable":true,"href":"https:\/\/tflinc.ca\/index.php\/wp-json\/wp\/v2\/users\/1"}],"replies":[{"embeddable":true,"href":"https:\/\/tflinc.ca\/index.php\/wp-json\/wp\/v2\/comments?post=333"}],"version-history":[{"count":18,"href":"https:\/\/tflinc.ca\/index.php\/wp-json\/wp\/v2\/pages\/333\/revisions"}],"predecessor-version":[{"id":1009,"href":"https:\/\/tflinc.ca\/index.php\/wp-json\/wp\/v2\/pages\/333\/revisions\/1009"}],"wp:featuredmedia":[{"embeddable":true,"href":"https:\/\/tflinc.ca\/index.php\/wp-json\/wp\/v2\/media\/817"}],"wp:attachment":[{"href":"https:\/\/tflinc.ca\/index.php\/wp-json\/wp\/v2\/media?parent=333"}],"curies":[{"name":"wp","href":"https:\/\/api.w.org\/{rel}","templated":true}]}}