{"id":236,"date":"2016-09-29T17:34:44","date_gmt":"2016-09-29T15:34:44","guid":{"rendered":"http:\/\/tflinc.ca\/?page_id=236"},"modified":"2017-02-27T12:58:39","modified_gmt":"2017-02-27T11:58:39","slug":"recouvrement-de-fenetres","status":"publish","type":"page","link":"https:\/\/tflinc.ca\/index.php\/recouvrement-de-fenetres\/","title":{"rendered":"Recouvrement de fen\u00eatres"},"content":{"rendered":"<div data-section=\"text\/2.html\">\n<section class=\"section-area\">\n<div class=\"container\">\n<div class=\"row scrollr\">\n<div class=\"col-xs-12\">\n<h2 class=\"title-btn ui-title-block\">\n                       <a href=\"#ESC8k\" class=\"title-btn__inner js-scroll\">Recouvrement de fen\u00eatres<\/a><br \/>\n                       <button type=\"button\" data-toggle=\"collapse\" data-target=\"#ESC8k\" class=\"title-btn__btn\"><br \/>\n                           <span class=\"icon fa fa-caret-down\"><\/span><br \/>\n                       <\/button><br \/>\n                   <\/h2>\n<div id=\"ESC8k\" class=\"container collapse in\">\n<div class=\"table-row\">\n<div class=\"col-md-6 bg-light table-cell\">\n<div class=\"col-md-8 col-md-offset-2\">\n<section class=\"section-default\">\n<h3 class=\"ui-title-block color-dark\">Recouvrement de fen\u00eatre en aluminium<\/h3>\n<div class=\"color-grey\">\n<p> Pour faciliter l&#8217;entretien des fen\u00eatres et baies vitr\u00e9es, \u00e9viter la moisissure et la d\u00e9t\u00e9rioration des encadrements en bois, rien de tel que le recouvrement des fen\u00eatres en aluminium. Ceci est une op\u00e9ration b\u00e9n\u00e9fique \u00e0 tous les points de vue. De plus, en modernisant les fen\u00eatres existantes, vous insufflez \u00e0 votre maison un vent de nouveaut\u00e9 et de fra\u00eecheur. Dor\u00e9navant, fini les soucis d&#8217;entretien. Le vernissage et la peinture feront maintenant parti du pass\u00e9. Gr\u00e2ce au recouvrement de fen\u00eatres en aluminium, la brillance ainsi que la facilit\u00e9 de nettoyage sont au rendez-vous.<\/p>\n<\/p><\/div>\n<\/section><\/div>\n<\/p><\/div>\n<div class=\"col-md-6 bg_mod-c table-cell\">\n<div class=\"col-md-8 col-md-offset-2\">\n<section class=\"section-default\">\n<h3 class=\"ui-title-block color-dark\">Recouvrement d&#8217;aluminium pour l&#8217;ext\u00e9rieur de vos fen\u00eatres dans un vaste choix de couleur.<\/h3>\n<div class=\"color-grey\">\n<p>L&#8217;aluminium donne un rajeunissement instantan\u00e9 \u00e0 vos fen\u00eatres, de par sa texture mais \u00e9galement par son style plus contemporain et \u00e9pur\u00e9. Enfin les amoureux des am\u00e9nagements traditionalistes y trouveront bon compte, puisque la fen\u00eatre originalement en bois, ne sera en rien d\u00e9natur\u00e9e par son nouvel aspect. De plus, il donnera une valeur ajout\u00e9e \u00e0 votre propri\u00e9t\u00e9, tout en respectant la composition initiale de vos fen\u00eatres. Sans oublier le point de vue esth\u00e9tique qui rehaussera votre demeure \u00e0 coup s\u00fbr, tout en la remettant au go\u00fbt du jour.<\/p>\n<\/p><\/div>\n<\/section><\/div>\n<\/p><\/div>\n<\/p><\/div>\n<\/p><\/div>\n<\/p><\/div>\n<\/p><\/div>\n<\/p><\/div>\n<\/section>\n<\/div>\n<div data-section=\"text\/1.html\">\n<div class=\"container\">\n<section class=\"section_mod-b block-2-col bg-light\">\n<div class=\"row scrollr\">\n<div class=\"col-xs-12\">\n               <\/div>\n<div class=\"col-md-8 col-md-offset-2 col-sm-10 col-sm-offset-1\">\n<div class=\"block-2-col__inner\">\n                       <iframe style=\"width:100%\" height=\"315\" src=\"https:\/\/www.youtube.com\/embed\/aWG1dgLjM5c?rel=0\" frameborder=\"0\" allowfullscreen><\/iframe><br \/>\n                       <iframe style=\"width:100%\" height=\"315\" src=\"https:\/\/www.youtube.com\/embed\/u4MFuMMWje8?rel=0\" frameborder=\"0\" allowfullscreen><\/iframe>\n                   <\/div>\n<div class=\"block-2-col__inner\">\n<h3 class=\"ui-title-block color-dark\">Autres services offerts avec le recouvrement de fen\u00eatres<\/h3>\n<ul>\n<li>Remplacement de (vitres) thermos bu\u00e9es ou bris\u00e9 (installer par un monteur <u>m\u00e9canicien vitrier<\/u>)<\/li>\n<li>Remplacement de bois d\u00e9t\u00e9rior\u00e9 et abim\u00e9<\/li>\n<li>Changement des manivelles et m\u00e9canismes d\u00e9fectueux<\/li>\n<li>Remplacement des coupes-froid<\/li>\n<li>Rev\u00eatement ext\u00e9rieur ; Aluminium, Canexel, Acier<\/li>\n<\/ul>\n<p>Nous pouvons \u00e9galement vous offrir une teinture \/ vernis sp\u00e9cialis\u00e9 pour ext\u00e9rieur, sur votre fenestration.<\/p>\n<\/p><\/div>\n<\/p><\/div>\n<\/p><\/div>\n<\/section><\/div>\n<\/div>\n<div data-section=\"form\/3.html\">\n<div class=\"container\">\n<div class=\"bg_mod-d\">\n<div class=\"row\">\n<div class=\"col-md-6\">\n<section id=\"qt8Fw\" class=\"section-default block-padd-14\">\n<h2 class=\"ui-title-block_w-border\">Estimation gratuite pour le recouvrement de vos fen\u00eatres<\/h2>\n<\/p>\n<p>                       \n<div class=\"wpcf7 no-js\" id=\"wpcf7-f459-o1\" lang=\"fr-FR\" dir=\"ltr\" data-wpcf7-id=\"459\">\n<div class=\"screen-reader-response\"><p role=\"status\" aria-live=\"polite\" aria-atomic=\"true\"><\/p> <ul><\/ul><\/div>\n<form action=\"\/index.php\/wp-json\/wp\/v2\/pages\/236#wpcf7-f459-o1\" method=\"post\" class=\"wpcf7-form init\" aria-label=\"Formulaire de contact\" novalidate=\"novalidate\" data-status=\"init\">\n<fieldset class=\"hidden-fields-container\"><input type=\"hidden\" name=\"_wpcf7\" value=\"459\" \/><input type=\"hidden\" name=\"_wpcf7_version\" value=\"6.1.5\" \/><input type=\"hidden\" name=\"_wpcf7_locale\" value=\"fr_FR\" \/><input type=\"hidden\" name=\"_wpcf7_unit_tag\" value=\"wpcf7-f459-o1\" \/><input type=\"hidden\" name=\"_wpcf7_container_post\" value=\"0\" \/><input type=\"hidden\" name=\"_wpcf7_posted_data_hash\" value=\"\" \/><input type=\"hidden\" name=\"_wpcf7dtx_version\" value=\"5.0.5\" \/><input type=\"hidden\" name=\"_wpcf7_recaptcha_response\" value=\"\" \/>\n<\/fieldset>\n<div class=\"input-with-icon\">\n\t<p><i class=\"wp-svg-users-2 users-2\"><\/i><span class=\"wpcf7-form-control-wrap\" data-name=\"nom\"><input size=\"40\" maxlength=\"400\" class=\"wpcf7-form-control wpcf7-text wpcf7-validates-as-required form-accueil-2\" aria-required=\"true\" aria-invalid=\"false\" placeholder=\"Nom *\" value=\"\" type=\"text\" name=\"nom\" \/><\/span>\n\t<\/p>\n<\/div>\n<div class=\"input-with-icon\">\n\t<p><i class=\"wp-svg-mail-2 mail-2\"><\/i><span class=\"wpcf7-form-control-wrap\" data-name=\"courriel\"><input size=\"40\" maxlength=\"400\" class=\"wpcf7-form-control wpcf7-email wpcf7-validates-as-required wpcf7-text wpcf7-validates-as-email form-accueil-2\" aria-required=\"true\" aria-invalid=\"false\" placeholder=\"Courriel *\" value=\"\" type=\"email\" name=\"courriel\" \/><\/span>\n\t<\/p>\n<\/div>\n<div class=\"input-with-icon\">\n\t<p><i class=\"wp-svg-phone phone\"><\/i><span class=\"wpcf7-form-control-wrap\" data-name=\"tel\"><input size=\"40\" maxlength=\"400\" class=\"wpcf7-form-control wpcf7-tel wpcf7-text wpcf7-validates-as-tel form-accueil-2\" aria-invalid=\"false\" placeholder=\"T\u00e9l\u00e9phone\" value=\"\" type=\"tel\" name=\"tel\" \/><\/span>\n\t<\/p>\n<\/div>\n<p>\n\t<center><input class=\"wpcf7-form-control wpcf7-submit has-spinner btn btn-primary btn-effect form-div-btn\" type=\"submit\" value=\"ENVOYER\" \/>\n\t<\/center>\n<\/p><div class=\"wpcf7-response-output\" aria-hidden=\"true\"><\/div>\n<\/form>\n<\/div>\n<br \/>\n                   <\/section>\n<\/p><\/div>\n<div class=\"col-md-6\">\n<div class=\"wrap-text\">\n                       <img decoding=\"async\" src=\"https:\/\/tflinc.ca\/wp-content\/themes\/prometheus\/prometheus\/azh\/prometheus\/assets\/media\/content\/840x840\/3.jpg\" alt=\"foto\" class=\"img-full\">\n                   <\/div>\n<\/p><\/div>\n<\/p><\/div>\n<\/p><\/div>\n<\/p><\/div>\n<\/div>\n","protected":false},"excerpt":{"rendered":"<p>Recouvrement de fen\u00eatres Recouvrement de fen\u00eatre en aluminium Pour faciliter l&#8217;entretien des fen\u00eatres et baies vitr\u00e9es, \u00e9viter la moisissure et la d\u00e9t\u00e9rioration des encadrements en bois, rien de tel que le recouvrement des fen\u00eatres en aluminium. Ceci est une op\u00e9ration b\u00e9n\u00e9fique \u00e0 tous les points de vue. De plus, en modernisant les fen\u00eatres existantes, vous [&hellip;]<\/p>\n","protected":false},"author":1,"featured_media":791,"parent":0,"menu_order":0,"comment_status":"closed","ping_status":"closed","template":"page-templates\/without-container.php","meta":{"_custom_body_class":"azh","_custom_post_class":"","footnotes":""},"class_list":["post-236","page","type-page","status-publish","has-post-thumbnail","hentry"],"yoast_head":"<!-- This site is optimized with the Yoast SEO plugin v27.3 - https:\/\/yoast.com\/product\/yoast-seo-wordpress\/ -->\n<title>Recouvrement de Fen\u00eatres - Traitement Fen\u00eatres Laval<\/title>\n<meta name=\"description\" content=\"Laissez les experts de Traitement Fen\u00eatres Laval faciliter l&#039;entretien de vos fen\u00eatres gr\u00e2ce \u00e0 notre recouvrement de fen\u00eatres en aluminium.\" \/>\n<meta name=\"robots\" content=\"index, follow, max-snippet:-1, max-image-preview:large, max-video-preview:-1\" \/>\n<link rel=\"canonical\" href=\"https:\/\/tflinc.ca\/index.php\/recouvrement-de-fenetres\/\" \/>\n<meta property=\"og:locale\" content=\"fr_FR\" \/>\n<meta property=\"og:type\" content=\"article\" \/>\n<meta property=\"og:title\" content=\"Recouvrement de Fen\u00eatres - Traitement Fen\u00eatres Laval\" \/>\n<meta property=\"og:description\" content=\"Laissez les experts de Traitement Fen\u00eatres Laval faciliter l&#039;entretien de vos fen\u00eatres gr\u00e2ce \u00e0 notre recouvrement de fen\u00eatres en aluminium.\" \/>\n<meta property=\"og:url\" content=\"https:\/\/tflinc.ca\/index.php\/recouvrement-de-fenetres\/\" \/>\n<meta property=\"og:site_name\" content=\"Traitement Fen\u00eatres Laval\" \/>\n<meta property=\"article:modified_time\" content=\"2017-02-27T11:58:39+00:00\" \/>\n<meta property=\"og:image\" content=\"https:\/\/tflinc.ca\/wp-content\/uploads\/2016\/09\/recouvrement-slide.jpg\" \/>\n\t<meta property=\"og:image:width\" content=\"1920\" \/>\n\t<meta property=\"og:image:height\" content=\"1303\" \/>\n\t<meta property=\"og:image:type\" content=\"image\/jpeg\" \/>\n<meta name=\"twitter:card\" content=\"summary_large_image\" \/>\n<meta name=\"twitter:label1\" content=\"Dur\u00e9e de lecture estim\u00e9e\" \/>\n\t<meta name=\"twitter:data1\" content=\"2 minutes\" \/>\n<script type=\"application\/ld+json\" class=\"yoast-schema-graph\">{\"@context\":\"https:\\\/\\\/schema.org\",\"@graph\":[{\"@type\":\"WebPage\",\"@id\":\"https:\\\/\\\/tflinc.ca\\\/index.php\\\/recouvrement-de-fenetres\\\/\",\"url\":\"https:\\\/\\\/tflinc.ca\\\/index.php\\\/recouvrement-de-fenetres\\\/\",\"name\":\"Recouvrement de Fen\u00eatres - Traitement Fen\u00eatres Laval\",\"isPartOf\":{\"@id\":\"https:\\\/\\\/tflinc.ca\\\/#website\"},\"primaryImageOfPage\":{\"@id\":\"https:\\\/\\\/tflinc.ca\\\/index.php\\\/recouvrement-de-fenetres\\\/#primaryimage\"},\"image\":{\"@id\":\"https:\\\/\\\/tflinc.ca\\\/index.php\\\/recouvrement-de-fenetres\\\/#primaryimage\"},\"thumbnailUrl\":\"https:\\\/\\\/tflinc.ca\\\/wp-content\\\/uploads\\\/2016\\\/09\\\/recouvrement-slide.jpg\",\"datePublished\":\"2016-09-29T15:34:44+00:00\",\"dateModified\":\"2017-02-27T11:58:39+00:00\",\"description\":\"Laissez les experts de Traitement Fen\u00eatres Laval faciliter l'entretien de vos fen\u00eatres gr\u00e2ce \u00e0 notre recouvrement de fen\u00eatres en aluminium.\",\"breadcrumb\":{\"@id\":\"https:\\\/\\\/tflinc.ca\\\/index.php\\\/recouvrement-de-fenetres\\\/#breadcrumb\"},\"inLanguage\":\"fr-FR\",\"potentialAction\":[{\"@type\":\"ReadAction\",\"target\":[\"https:\\\/\\\/tflinc.ca\\\/index.php\\\/recouvrement-de-fenetres\\\/\"]}]},{\"@type\":\"ImageObject\",\"inLanguage\":\"fr-FR\",\"@id\":\"https:\\\/\\\/tflinc.ca\\\/index.php\\\/recouvrement-de-fenetres\\\/#primaryimage\",\"url\":\"https:\\\/\\\/tflinc.ca\\\/wp-content\\\/uploads\\\/2016\\\/09\\\/recouvrement-slide.jpg\",\"contentUrl\":\"https:\\\/\\\/tflinc.ca\\\/wp-content\\\/uploads\\\/2016\\\/09\\\/recouvrement-slide.jpg\",\"width\":1920,\"height\":1303,\"caption\":\"Brownstone, square Saint Louis, Montreal, Canada\"},{\"@type\":\"BreadcrumbList\",\"@id\":\"https:\\\/\\\/tflinc.ca\\\/index.php\\\/recouvrement-de-fenetres\\\/#breadcrumb\",\"itemListElement\":[{\"@type\":\"ListItem\",\"position\":1,\"name\":\"Accueil\",\"item\":\"https:\\\/\\\/tflinc.ca\\\/\"},{\"@type\":\"ListItem\",\"position\":2,\"name\":\"Recouvrement de fen\u00eatres\"}]},{\"@type\":\"WebSite\",\"@id\":\"https:\\\/\\\/tflinc.ca\\\/#website\",\"url\":\"https:\\\/\\\/tflinc.ca\\\/\",\"name\":\"Traitement Fen\u00eatres Laval\",\"description\":\"\",\"potentialAction\":[{\"@type\":\"SearchAction\",\"target\":{\"@type\":\"EntryPoint\",\"urlTemplate\":\"https:\\\/\\\/tflinc.ca\\\/?s={search_term_string}\"},\"query-input\":{\"@type\":\"PropertyValueSpecification\",\"valueRequired\":true,\"valueName\":\"search_term_string\"}}],\"inLanguage\":\"fr-FR\"}]}<\/script>\n<!-- \/ Yoast SEO plugin. -->","yoast_head_json":{"title":"Recouvrement de Fen\u00eatres - Traitement Fen\u00eatres Laval","description":"Laissez les experts de Traitement Fen\u00eatres Laval faciliter l'entretien de vos fen\u00eatres gr\u00e2ce \u00e0 notre recouvrement de fen\u00eatres en aluminium.","robots":{"index":"index","follow":"follow","max-snippet":"max-snippet:-1","max-image-preview":"max-image-preview:large","max-video-preview":"max-video-preview:-1"},"canonical":"https:\/\/tflinc.ca\/index.php\/recouvrement-de-fenetres\/","og_locale":"fr_FR","og_type":"article","og_title":"Recouvrement de Fen\u00eatres - Traitement Fen\u00eatres Laval","og_description":"Laissez les experts de Traitement Fen\u00eatres Laval faciliter l'entretien de vos fen\u00eatres gr\u00e2ce \u00e0 notre recouvrement de fen\u00eatres en aluminium.","og_url":"https:\/\/tflinc.ca\/index.php\/recouvrement-de-fenetres\/","og_site_name":"Traitement Fen\u00eatres Laval","article_modified_time":"2017-02-27T11:58:39+00:00","og_image":[{"width":1920,"height":1303,"url":"https:\/\/tflinc.ca\/wp-content\/uploads\/2016\/09\/recouvrement-slide.jpg","type":"image\/jpeg"}],"twitter_card":"summary_large_image","twitter_misc":{"Dur\u00e9e de lecture estim\u00e9e":"2 minutes"},"schema":{"@context":"https:\/\/schema.org","@graph":[{"@type":"WebPage","@id":"https:\/\/tflinc.ca\/index.php\/recouvrement-de-fenetres\/","url":"https:\/\/tflinc.ca\/index.php\/recouvrement-de-fenetres\/","name":"Recouvrement de Fen\u00eatres - Traitement Fen\u00eatres Laval","isPartOf":{"@id":"https:\/\/tflinc.ca\/#website"},"primaryImageOfPage":{"@id":"https:\/\/tflinc.ca\/index.php\/recouvrement-de-fenetres\/#primaryimage"},"image":{"@id":"https:\/\/tflinc.ca\/index.php\/recouvrement-de-fenetres\/#primaryimage"},"thumbnailUrl":"https:\/\/tflinc.ca\/wp-content\/uploads\/2016\/09\/recouvrement-slide.jpg","datePublished":"2016-09-29T15:34:44+00:00","dateModified":"2017-02-27T11:58:39+00:00","description":"Laissez les experts de Traitement Fen\u00eatres Laval faciliter l'entretien de vos fen\u00eatres gr\u00e2ce \u00e0 notre recouvrement de fen\u00eatres en aluminium.","breadcrumb":{"@id":"https:\/\/tflinc.ca\/index.php\/recouvrement-de-fenetres\/#breadcrumb"},"inLanguage":"fr-FR","potentialAction":[{"@type":"ReadAction","target":["https:\/\/tflinc.ca\/index.php\/recouvrement-de-fenetres\/"]}]},{"@type":"ImageObject","inLanguage":"fr-FR","@id":"https:\/\/tflinc.ca\/index.php\/recouvrement-de-fenetres\/#primaryimage","url":"https:\/\/tflinc.ca\/wp-content\/uploads\/2016\/09\/recouvrement-slide.jpg","contentUrl":"https:\/\/tflinc.ca\/wp-content\/uploads\/2016\/09\/recouvrement-slide.jpg","width":1920,"height":1303,"caption":"Brownstone, square Saint Louis, Montreal, Canada"},{"@type":"BreadcrumbList","@id":"https:\/\/tflinc.ca\/index.php\/recouvrement-de-fenetres\/#breadcrumb","itemListElement":[{"@type":"ListItem","position":1,"name":"Accueil","item":"https:\/\/tflinc.ca\/"},{"@type":"ListItem","position":2,"name":"Recouvrement de fen\u00eatres"}]},{"@type":"WebSite","@id":"https:\/\/tflinc.ca\/#website","url":"https:\/\/tflinc.ca\/","name":"Traitement Fen\u00eatres Laval","description":"","potentialAction":[{"@type":"SearchAction","target":{"@type":"EntryPoint","urlTemplate":"https:\/\/tflinc.ca\/?s={search_term_string}"},"query-input":{"@type":"PropertyValueSpecification","valueRequired":true,"valueName":"search_term_string"}}],"inLanguage":"fr-FR"}]}},"_links":{"self":[{"href":"https:\/\/tflinc.ca\/index.php\/wp-json\/wp\/v2\/pages\/236","targetHints":{"allow":["GET"]}}],"collection":[{"href":"https:\/\/tflinc.ca\/index.php\/wp-json\/wp\/v2\/pages"}],"about":[{"href":"https:\/\/tflinc.ca\/index.php\/wp-json\/wp\/v2\/types\/page"}],"author":[{"embeddable":true,"href":"https:\/\/tflinc.ca\/index.php\/wp-json\/wp\/v2\/users\/1"}],"replies":[{"embeddable":true,"href":"https:\/\/tflinc.ca\/index.php\/wp-json\/wp\/v2\/comments?post=236"}],"version-history":[{"count":19,"href":"https:\/\/tflinc.ca\/index.php\/wp-json\/wp\/v2\/pages\/236\/revisions"}],"predecessor-version":[{"id":1013,"href":"https:\/\/tflinc.ca\/index.php\/wp-json\/wp\/v2\/pages\/236\/revisions\/1013"}],"wp:featuredmedia":[{"embeddable":true,"href":"https:\/\/tflinc.ca\/index.php\/wp-json\/wp\/v2\/media\/791"}],"wp:attachment":[{"href":"https:\/\/tflinc.ca\/index.php\/wp-json\/wp\/v2\/media?parent=236"}],"curies":[{"name":"wp","href":"https:\/\/api.w.org\/{rel}","templated":true}]}}